f 1901.
1901
List the prime factors of 69713.
7, 23, 433
List the prime factors of 663.
3, 13, 17
What are the prime factors of 10238?
2, 5119
What are the prime factors of 97604?
2, 13, 1877
List the prime factors of 1318.
2, 659
What are the prime factors of 27438?
2, 3, 17, 269
What are the prime factors of 12648?
2, 3, 17, 31
What are the prime factors of 26867?
67, 401
List the prime factors of 6188.
2, 7, 13, 17
List the prime factors of 24984.
2, 3, 347
What are the prime factors of 557?
557
What are the prime factors of 166593?
3, 7, 7933
What are the prime factors of 2952?
2, 3, 41
What are the prime factors of 26444?
2, 11, 601
List the prime factors of 1027.
13, 79
What are the prime factors of 1031?
1031
What are the prime factors of 4359?
3, 1453
List the prime factors of 487.
487
What are the prime factors of 15232?
2, 7, 17
What are the prime factors of 1558?
2, 19, 41
What are the prime factors of 80863?
80863
What are the prime factors of 90031?
90031
List the prime factors of 3350.
2, 5, 67
What are the prime factors of 1966?
2, 983
List the prime factors of 59573.
41, 1453
List the prime factors of 1778.
2, 7, 127
What are the prime factors of 4001?
4001
What are the prime factors of 10829?
7, 13, 17
What are the prime factors of 5471?
5471
List the prime factors of 4303.
13, 331
What are the prime factors of 19481?
7, 11, 23
List the prime factors of 112698.
2, 3, 2087
What are the prime factors of 1333?
31, 43
What are the prime factors of 2655?
3, 5, 59
What are the prime factors of 5621?
7, 11, 73
What are the prime factors of 2405?
5, 13, 37
List the prime factors of 538.
2, 269
What are the prime factors of 249?
3, 83
List the prime factors of 91791.
3, 7, 31, 47
What are the prime factors of 3176?
2, 397
List the prime factors of 10914.
2, 3, 17, 107
What are the prime factors of 1196?
2, 13, 23
What are the prime factors of 685?
5, 137
What are the prime factors of 4563?
3, 13
What are the prime factors of 3112?
2, 389
List the prime factors of 12374.
2, 23, 269
What are the prime factors of 29854?
2, 11, 23, 59
List the prime factors of 42582.
2, 3, 47, 151
What are the prime factors of 2869?
19, 151
What are the prime factors of 57331?
57331
What are the prime factors of 1513?
17, 89
List the prime factors of 918.
2, 3, 17
What are the prime factors of 26267?
26267
List the prime factors of 1231.
1231
What are the prime factors of 2137?
2137
List the prime factors of 3443.
11, 313
What are the prime factors of 1776?
2, 3, 37
What are the prime factors of 14?
2, 7
List the prime factors of 49807.
49807
What are the prime factors of 138053?
138053
List the prime factors of 49.
7
What are the prime factors of 78286?
2, 13, 3011
List the prime factors of 12372.
2, 3, 1031
List the prime factors of 105320.
2, 5, 2633
What are the prime factors of 11464?
2, 1433
List the prime factors of 643.
643
What are the prime factors of 667?
23, 29
List the prime factors of 103738.
2, 51869
What are the prime factors of 3154?
2, 19, 83
List the prime factors of 24496.
2, 1531
List the prime factors of 3966.
2, 3, 661
What are the prime factors of 6342?
2, 3, 7, 151
List the prime factors of 194.
2, 97
What are the prime factors of 5186?
2, 2593
List the prime factors of 595.
5, 7, 17
List the prime factors of 1695.
3, 5, 113
List the prime factors of 33188.
2, 8297
List the prime factors of 2368.
2, 37
List the prime factors of 11329.
11329
List the prime factors of 981.
3, 109
What are the prime factors of 408?
2, 3, 17
What are the prime factors of 10514?
2, 7, 751
What are the prime factors of 936?
2, 3, 13
List the prime factors of 40335.
3, 5, 2689
What are the prime factors of 4349?
4349
What are the prime factors of 16840?
2, 5, 421
List the prime factors of 76676.
2, 29, 661
List the prime factors of 19924.
2, 17, 293
What are the prime factors of 482?
2, 241
List the prime factors of 11461.
73, 157
What are the prime factors of 65532?
2, 3, 43, 127
List the prime factors of 31778.
2, 15889
List the prime factors of 4743.
3, 17, 31
List the prime factors of 1295.
5, 7, 37
What are the prime factors of 77736?
2, 3, 41, 79
What are the prime factors of 1021?
1021
List the prime factors of 1403.
23, 61
What are the prime factors of 3245?
5, 11, 59
List the prime factors of 41.
41
List the prime factors of 1177.
11, 107
What are the prime factors of 39821?
39821
List the prime factors of 2408.
2, 7, 43
What are the prime factors of 7449?
3, 13, 191
What are the prime factors of 36047?
11, 29, 113
What are the prime factors of 2854?
2, 1427
What are the prime factors of 2022?
2, 3, 337
What are the prime factors of 5394?
2, 3, 29, 31
List the prime factors of 1960.
2, 5, 7
List the prime factors of 2545.
5, 509
What are the prime factors of 40953?
3, 11, 17, 73
List the prime factors of 35581.
7, 13, 17, 23
List the prime factors of 4003.
4003
What are the prime factors of 21677?
53, 409
What are the prime factors of 38186?
2, 61, 313
What are the prime factors of 9513?
3, 7, 151
What are the prime factors of 4415?
5, 883
What are the prime factors of 14711?
47, 313
What are the prime factors of 162?
2, 3
List the prime factors of 28837.
28837
What are the prime factors of 1421?
7, 29
List the prime factors of 8004.
2, 3, 23, 29
What are the prime factors of 41037?
3, 13679
List the prime factors of 52492.
2, 11, 1193
What are the prime factors of 51457?
7, 7351
What are the prime factors of 115372?
2, 28843
List the prime factors of 167306.
2, 83653
What are the prime factors of 1512?
2, 3, 7
List the prime factors of 1149.
3, 383
List the prime factors of 1823.
1823
List the prime factors of 8820.
2, 3, 5, 7
List the prime factors of 4216.
2, 17, 31
What are the prime factors of 7089?
3, 17, 139
What are the prime factors of 4514?
2, 37, 61
List the prime factors of 13869.
3, 23, 67
List the prime factors of 1385.
5, 277
What are the prime factors of 78200?
2, 5, 17, 23
What are the prime factors of 339?
3, 113
List the prime factors of 1990.
2, 5, 199
What are the prime factors of 6999?
3, 2333
What are the prime factors of 181417?
43, 4219
List the prime factors of 2063.
2063
List the prime factors of 2893.
11, 263
What are the prime factors of 30062?
2, 15031
List the prime factors of 1250.
2, 5
List the prime factors of 12941.
12941
What are the prime factors of 1380?
2, 3, 5, 23
List the prime factors of 23513.
7, 3359
What are the prime factors of 66619?
7, 31, 307
What are the prime factors of 14954?
2, 7477
List the prime factors of 4137.
3, 7, 197
What are the prime factors of 2289?
3, 7, 109
List the prime factors of 17167.
17167
What are the prime factors of 2498?
2, 1249
What are the prime factors of 1287?
3, 11, 13
What are the prime factors of 16628?
2, 4157
List the prime factors of 11472.
2, 3, 239
What are the prime factors of 519?
3, 173
What are the prime factors of 34194?
2, 3, 41, 139
What are the prime factors of 22363?
11, 19, 107
List the prime factors of 41813.
41813
What are the prime factors of 2062?
2, 1031
What are the prime factors of 423?
3, 47
What are the prime factors of 2249?
13, 173
List the prime factors of 1009.
1009
What are the prime factors of 6724?
2, 41
List the prime factors of 2391.
3, 797
List the prime factors of 246.
2, 3, 41
List the prime factors of 6715.
5, 17, 79
What are the prime factors of 24967?
24967
List the prime factors of 48696.
2, 3, 2029
List the prime factors of 29747.
151, 197
What are the prime factors of 1033?
1033
List the prime factors of 2024.
2, 11, 23
List the prime factors of 27107.
27107
What are the prime factors of 53194?
2, 26597
List the prime factors of 742.
2, 7, 53
What are the prime factors of 2211?
3, 11, 67
List the prime factors of 142.
2, 71
List the prime factors of 22.
2, 11
What are the prime factors of 150415?
5, 67, 449
List the prime factors of 11461.
73, 157
List the prime factors of 496.
2, 31
What are the prime factors of 978?
2, 3, 163
What are the prime factors of 2533?
17, 149
List the prime factors of 670.
2, 5, 67
What are the prime factors of 38409?
3, 7, 31, 59
What are the prime factors of 6724?
2, 41
List the prime factors of 80577.
3, 7, 1279
What are the prime factors of 2496?
2, 3, 13
What are the prime factors of 36